te (77 - (69 + 29)) + 2 + 8.
-11
What is (17 + -9 - 20) + 103 + 7 + 5?
103
What is the value of -29 - (82 + -223 + -7)?
119
What is the value of (18 + -23 - 25) + 7 + -17?
-40
What is the value of (164 - 158) + (-1 - 22) + 0?
-17
Evaluate 0 - -24 - 1 - (275 + -273 - (4 - 6)).
19
37 + -29 + 5 - 53
-40
-10 + 426 + -401 - (1 - (58 + 1))
73
-29 - (-1 - (13 + 9 - 2) - -4)
-12
Calculate (-39 - -55) + (-13 - (3 - -57) - 4).
-61
What is (-7 - 15) + (13 - 1) + (19 - 3)?
6
(-92 - -58 - -4) + 32
2
Calculate 104 - 27 - 39 - (-2 + 28).
12
Evaluate (64 - -7) + (-12 - ((-4 - -17) + -14)).
60
What is the value of 13 + -10 + -42 + -34 + 53?
-20
Calculate 35 - ((6 - 10 - -13) + -15 - -11).
30
Calculate ((-4 - 0) + (1 - (-10 + -5)) - 5) + 10.
17
What is (-33 - -29) + 48 + -46 + 19 + 2?
19
Calculate (1 - (-8 - 0)) + (0 - (-5 - 41 - -4)).
51
-7 + 3 + 3 + -10 - -70 - 12
47
Evaluate (33 + -66 + 17 - 33) + (3 - -1).
-45
What is the value of (-1 - (20 + -1)) + -15 - -1?
-34
Calculate 48 + -32 + 21 - -6 - 16.
27
Calculate (-30 - -34) + (-1 + 90 - (-29 - -16 - -16)).
90
Evaluate -13 + -7 + 16 + -22 + (-1 - (-4 + -5)).
-18
What is the value of 14 + -59 - -14 - -15?
-16
Evaluate (108 - 117) + (0 - -19) + -16.
-6
What is the value of -9483 + 9496 + (-47 - 3) + -4 + 1 + 2?
-38
Calculate -28 - (-14 + -2 - (-524 - -449)).
-87
What is (39 - 4) + -201 + 103 - -28?
-35
Calculate -2 + 3 + -5 + -14 + -4 + 6 + 0.
-16
What is the value of -192 + 167 + 16 + -13?
-22
What is 0 + 8 + -37 + 385 + -416?
-60
Evaluate 0 + 3 + (38 - 23) + 10.
28
Evaluate 11 - (5 + (125 - -18) + (-9 - 10)).
-118
-2 + 7 + (2 - (2 + -4)) + (82 - 31)
60
Calculate -1 + -42 - (-15 + 12 - (3 - 1 - -3)).
-35
-42 + (11 - (-64 - -58) - (9 - (-1 + 0)))
-35
Evaluate 18 - 12 - ((-1 - -7) + 4) - (-34 + -9).
39
What is 8 - 19 - (3 + (10 - 18) + -15)?
9
What is -15 + -5 + 13 + -4 + -30?
-41
Calculate -61 + (70 - (-74 + 63)).
20
What is 306 + -213 + (-62 - -4)?
35
What is the value of -1 + 7 - (-7 - (-14 - (-6 - (-8 + 7))))?
4
Calculate 2 - (-16 - ((179 - 172) + -1 + -17)).
7
What is the value of (62 - 18) + 23 + (17 - 64)?
20
Evaluate (0 - -11) + -111 + 46 + 84.
30
Calculate 2 + 7 - 0 - 4 - (-14 + -2 + -1).
22
What is the value of -2 + 19 + -21 - -42?
38
Calculate -58 - ((-13 - -10) + -14 + (9 - -16)).
-66
What is the value of (67 - ((-8 - (1 - (0 - -9))) + 7)) + -13?
47
What is 4 + -25 + 56 + -23 - -35?
47
Calculate (0 - -87) + -11 + (-14 - -26) + -12 + 5.
81
-34 - (-33 + 65 + -7)
-59
Evaluate 14 + (13 - 41 - -15) + -6 + 9.
4
What is -62 + (-140 - -264) + -193?
-131
What is (23 - -17 - -8) + 8 + 36?
92
What is -4 + (-36 - -62) + -47?
-25
-205 + -64 - -232 - (-3 + -34)
0
What is 7 + -29 + -14 + 97?
61
Calculate -56 - (-61 - (-31 + -21)).
-47
Calculate (-7 - 1) + 71 + -82 + 20 + 29.
30
What is 10 - (-32 + 24 + 102 + 19)?
-103
Evaluate 96 - (52 - (-164 + 48)).
-72
Evaluate -4 + -7 - -13 - (-1 - (2 - -41)).
46
Calculate (-25 - -3) + 224 + -198.
4
Calculate (84 - 21) + -6 + -9.
48
Calculate 18 + -1 + (-8 + 43 - 57) - -13.
8
What is (-31 - (-6 - -7)) + 33?
1
What is (1 + -4 + 7 - 18) + (-15 - (-69 + 55))?
-15
Calculate 58 + -46 + 55 + -43 - (134 + -1).
-109
What is the value of (115 - 11) + -74 + -124?
-94
What is (20 - (7 - -16)) + 2 - 16?
-17
Calculate (-4 + -4 - 2) + (119 + -125 - (-97 + 3)).
78
-8 - 4 - -1 - (-9 + -129) - 21
106
37 - -1 - (106 - (-48 + 135))
19
1 - -29 - (36 + -65 + 31)
28
Evaluate -5 - (3 + 0 + (-11 - (11 + -6))).
8
What is the value of -12 + (-3 - -2) - (291 - 275)?
-29
(10 - -1) + (-865 - -857)
3
What is the value of 6 + 22 + (-1 - -2)?
29
What is the value of 32 + (37 - (-4 - -59))?
14
Calculate 50 - 109 - (3 + 10 + 32).
-104
Evaluate 1 + -26 + 2 - (6704 - 6710).
-17
Calculate (-5 - 26) + (49 - (18 + 29)).
-29
What is 37 + (2 - -5 - 13) - (-17 + (-2 - -9))?
41
Calculate 2 + -154 - (3458 - 3549).
-61
What is the value of -19 + (-1 + 54 - (-305 + 344))?
-5
Calculate 27 + -17 - 13 - (7 + -10 - 41).
41
What is 2 - (80 - 23 - 0)?
-55
Calculate 12 + 1 + -112 + 68 + -13.
-44
Evaluate (24 - 13) + -6 - (-190 - -102).
93
Calculate (15 - (3 + -20 + 31)) + (0 - -21).
22
Evaluate (25 - 19) + -37 + -36.
-67
Calculate -26 - (17 + 7 + -9 + -19).
-22
What is the value of -13 - 6 - (37 - 35) - 6 - 8?
-35
(-2 - (-9 + 26)) + 23 + -30 + -2
-28
What is 59 + 62 + -29 + -43?
49
What is (-15 - -25) + (-42 - 2) - (-1 + -2 + -2)?
-29
What is (-16 - ((18 - 37) + 10) - 5) + 35?
23
What is the value of 43 + -21 + (-82 - -44)?
-16
Calculate -33 + -3 - ((49 - 0) + -30).
-55
Evaluate 38 + -3 + -637 + 531.
-71
Evaluate 164 + -185 - (-60 - -9).
30
What is (5 + -12 + 37 - -31) + 22?
83
Evaluate 158 + -165 - 1 - (-78 - -2).
68
What is (-4 - (-4 - -23)) + (-22 - 4)?
-49
Evaluate 119 - (143 - (77 - 1)).
52
Calculate -1 + 7 - (-333 + 336) - 63.
-60
Evaluate -86 - (2 + -31) - -75.
18
-2 + -21 + (0 - ((-14 - -16) + 4))
-29
Evaluate (-3 - -7 - (-3 - (-10 + -2))) + (-362 - -365).
-2
-12 - -5 - (-2 - (13 - -6) - -16)
-2
Evaluate 60 + 98 + 55 + -153.
60
What is (67 - 85) + 26 + 3 + -2 + (-2 - 0)?
7
Evaluate -4 - -15 - (-51 + 34 - -72).
-44
-13 + (7 - (11 + -11) - -11) + 12
17
Evaluate 0 + 16 + 34 + -54.
-4
-4 - ((1 - (9 + -4)) + -13 + 22)
-9
21 + 28 + (-12 + (9 - 5) - 8)
33
What is the value of -18 + 20 + 0 + -31?
-29
What is the value of 32 + (-42 - -75 - 96)?
-31
What is 2 + 0 - -6 - (68 + -18)?
-42
What is (-64 - (-10 - -25) - -5) + 4?
-70
What is the value of -68 - (86 - (142 - 81))?
-93
Calculate (-437 - -423) + (-3 - -57).
40
What is (-6 - 6 - (65 - 131)) + -5?
49
Calculate (-1 - (17 + -1)) + 10 + 1 + -4 - -72.
62
What is the value of -21 + 3 - (16 + (-42 - -24))?
-16
-70 - (-3 + 1 + -5) - (-3 - (7 - 8))
-61
4 + -10 + (-14 + 8 - 5 - -9) - -65
57
Evaluate (-44 - -51 - 18) + (38 - 0).
27
Evaluate -17 + 29 + -25 + -53 - (2 - (11 - 0)).
-57
What is 98 - (-44 + -54 + 64)?
132
Evaluate -16 + 0 + -13 - -13 - -18.
2
What is the value of -8 - (-4 + -45 + -9 - (-1 + 1)) - 0?
50
What is 73 - (4 - (5 - -6 - (-60 - -71)))?
69
What is 5 + (-74 - -55) + 84?
70
What is the value of 21 + (31 - (-15 + 23 + 5))?
39
Evaluate -20576 + 20644 + (0 - 13).
55
Evaluate (-58 - -97) + -23 - (-2 - -42).
-24
What is the value of (-39 + 36 - (15 + 1)) + (5 - 5) + -10?
-29
Calculate 10 + 3 + 5 + -1 - -21.
38
(-7 + 6 - (-13 - -5) - 7) + -18
-18
What is (-78 - -28) + -61 - 36?
-147
Evaluate 4 - 14 - (30 + 4 - (-1 - -10)).
-35
-10 + 3 + 90 + -100 + -49
-66
Calculate -45 + 26 + -19 + 3 + -6.
-41
14 + (9 - 76) + 88
35
What is the value of 47 - (-113 - -71 - -27)?
62
What is 140 - 69 - 36 - (-1 - 57)?
93
-12 + (-7 - (-8 - -18)) + 141 + 0 + 2
114
What is 10 + -37 - (16 - 45 - -16)?
-14
Calculate 1 + -1 + (-152 - (-105 + -71)).
24
What is (0 - -32) + (36 - (72 + -19)) + -85?
-70
Evaluate 21 + -82 + 107 + (-1 - 53).
-8
(-12 + 3 - (-4 - 3)) + -48 + 60
10
What is (-76 - -69 - (6 - (7 - -5) - 24)) + 1?
24
(-1062 - -999) + 7 + 58
2
Calculate -9 + (20 + -21 + 19 - -3).
12
What is 41 - (39 - 3) - (-22 - (-6 + 2))?
23
Evaluate (18 - 30) + (-9 - (14 + 5 + -6)).
-34
What is -25 - ((-27 - -75) + -6)?
-67
Evaluate (3 + 1 - (-18 + (33 - (21 - 11)))) + 7.
6
What is -23 + -5 + 6 + -32 - (-4 + 8)?
-58
Calculate -38 + (28 - 55) + 34.
-31
Calculate (-320 - -344) + (-2 - 51).
-29
Evaluate 2 - (38 + 7 + -77).
34
57 - -2 - (-1 + (30 + 1 - 26))
55
What is 8 + -65 + 63 - (35 - -1)?
-30
Calculate 38 - 36 - (4 - 3 - 1 - (-13 + 4)).
-7
85 - ((-112 - -63) + 82)
52
Evaluate -25 - (-33 + 34 + -33) - (62 - 1).
-54
Calculate -34 - -137 - 33 - -7.
77
Calculate 12 + -1 + -19 - (30 - -9 - (4 - 2)).
-45
What is -11 - (-8 + -28 - -59)?
-34
What is (-35 - -58) + (-112 - 6) - -6?
-89
Evaluate (-2 + 21 - (146 + -99)) + (3 - 11).
-36
Calculate 4 - 38 - (276 - 270).
-40
Evaluate 46 + (24 - (58 - 4)).
16
What is the value of (-14 - ((-8 - (-8 - -1)) + -1)) + 80 + -18?
50
Evaluate (-27 - (-69 - 26)) + -14 - -12.
66
What is (19 - (-15 - (-16 + (-7 - -17)))) + 6?
34
What is the value of -11 + 23 + -15 - (25 - -29)?
-57
Evaluate 3 + -36 + 13 + 36 + -50.
-34
Evaluate (1 - (-18 - (0 + 0))) + (423 - 423).
19
What is the value of -1 + -2 - (-4 + 8 + (-17 - -9) - -9)?
-8
What is the value of (27 - 40) + 13 + (14 - -3 - 24)?
-7
Calculate (8 - -6) + -29 + 0 + 6 + (-1 - 0).
-10
-5 - -54 - (7 - ((9 - 5) + 0))
46
What is -32 - (-43